 - 4*h + 925. Let a(q) = -q**2 + 3*q + 4. Let v be a(3). Suppose d = 9*z - v*z. List the prime factors of z.
37
Suppose -6*a = -3*a + 18. What are the prime factors of 7 - 8 - a/1?
5
Let q = 7157 - 4058. What are the prime factors of q?
3, 1033
Let g = 21 - -10. Let s = g + -21. Suppose s*h = 5*h + 45. List the prime factors of h.
3
Suppose 5*o + 6*o - 10758 = 0. What are the prime factors of o?
2, 3, 163
Suppose 4*a = 3*f - 5, 0 = -0*f + 4*f - 3*a - 9. Suppose f*i + 15 = -2*i. What are the prime factors of i + 3 + 0 + 12?
2, 3
Suppose 5*b + 8 = 28. Suppose -b*h = -4*s + 180, 0 = 2*h - s + 2*s + 93. Let m = 76 + h. What are the prime factors of m?
2, 3, 5
Let s(d) = -d**3 + 4*d**2 + 11*d. Let k be s(-5). Let m = 306 - k. List the prime factors of m.
2, 17
Suppose -5*n + 208 = -0*n - 2*z, 0 = -2*n - 2*z + 72. Suppose 2*w - w - n = 5*t, 2*w + 5*t = 95. What are the prime factors of w?
3, 5
What are the prime factors of ((-10850)/(-75))/((-2)/(-6))?
2, 7, 31
Suppose 17*l = 32*l - 4200. List the prime factors of l.
2, 5, 7
Suppose -9 = -4*z - l + 3, 0 = 5*l. Suppose -z*n - 40 = -166. What are the prime factors of n?
2, 3, 7
Let q(m) = m**3 + 8*m**2 - 20*m + 1. Let x be q(-10). What are the prime factors of 2/4*(x - -155)?
2, 3, 13
Let f(n) = 3*n**2 - n - 1. Let t be f(2). Let z(v) = -v**2 - v + 3. Let b be z(-3). What are the prime factors of b/(t/(-51)) - -2?
19
Suppose -2*q - 160 = -4*q. List the prime factors of q.
2, 5
Let s(x) = 17*x + 1. Let w be s(1). Let k(j) = -j**3 - 24*j**2 + 29*j + 100. Let f be k(-25). Suppose -w = -y - f*y. What are the prime factors of y?
2, 3
Let l(u) be the third derivative of -u**6/120 + 17*u**5/60 + 5*u**4/6 - 8*u**3/3 - 21*u**2. List the prime factors of l(18).
2, 5
Suppose -4*d = -0*d - 1296. Suppose -5*b - 5*q = -320, -7*b + d = -2*b + 4*q. List the prime factors of b.
2, 17
Let m be (-4)/(-34) - (-42679)/(-221). Let k = 10 - m. What are the prime factors of k?
7, 29
Let c be 3 - (3 - 2) - 78/(-6). Let t = c - -5. List the prime factors of t.
2, 5
Let m(j) = -3*j - 6. Suppose -a = -4*a + 66. Let w = 16 - a. What are the prime factors of m(w)?
2, 3
Let v = 61 + -65. List the prime factors of ((-104)/v + -1)/1.
5
Let h = 291 + -239. What are the prime factors of h?
2, 13
Suppose 5*j = -0*j + 2*j. Suppose -t + 3*i + 41 = j, -2*t - 47 + 119 = 4*i. List the prime factors of t.
2, 19
Let j = -723 - -253. Let t = 784 + j. What are the prime factors of t?
2, 157
Suppose 0 + 10 = 5*k. Suppose 5*s - 6 + 41 = -5*z, -s + k*z + 2 = 0. What are the prime factors of s + 2 - (0 + -10)?
2
Let b(v) = -v**2 - 5*v + 19. Let a be b(0). Let c(d) = 2*d**2 - 25*d - 47. List the prime factors of c(a).
2, 5
Suppose 11*a - 25*a + 32536 = 0. List the prime factors of a.
2, 7, 83
Let w = -26 - -72. Suppose -3*n + 29 = -w. List the prime factors of n.
5
Let m(n) = -n**2 - 6*n + 18. Let i be m(-8). Suppose 2*x - i*r - 272 = 2*r, 0 = x - r - 132. List the prime factors of x.
2
Suppose -3*a + 2*x + 3*x + 16 = 0, 4*x + 8 = 0. Suppose -6 = -a*d + 6. What are the prime factors of 9 + -9*(-2)/d?
2, 3
Suppose 2*u = -4*q + 52, -u - 11*q + 30 = -8*q. List the prime factors of (u/(-45))/(1/(-55) + 0).
2, 11
Let u = -7 - -13. Let o(r) = u - 6*r - 1 + 2*r. List the prime factors of o(-8).
37
Let s be 54/15 - -3 - (-2)/5. Suppose 9*a - 196 = s*a. What are the prime factors of a?
2, 7
Let l(v) = 40*v**2 + 6*v + 5. Suppose 5*a - 5*m + 25 = 0, 5*m - 1 - 4 = -5*a. List the prime factors of l(a).
3, 17
Let j(f) be the third derivative of -f**6/120 - 3*f**5/10 + f**4/24 + 4*f**3 + 7*f**2. Let a be j(-18). Suppose 4*p = a*p - 94. List the prime factors of p.
47
Suppose 63*o + 13680 = 78*o. List the prime factors of o.
2, 3, 19
Let v(l) = -2*l - 6. Let m be v(-3). Suppose m = -n - 3*n + 20. Suppose 2*r - 6*r + 190 = 2*z, 107 = 2*r + n*z. What are the prime factors of r?
2, 23
What are the prime factors of (4 - (-6)/(-15))*(-780)/(-18)?
2, 3, 13
Let t be 12/8*194/3. Let w = t + -20. Suppose -l + w = 2*f, 3*l = -4*f + 85 + 74. List the prime factors of f.
2, 3
Let q(i) be the second derivative of i**5/20 - i**3/2 + 5*i**2/2 + 8*i. List the prime factors of q(3).
23
Suppose 2*w + 2*i - 44 = 0, -i + 0 = -3. Suppose w = 3*u + m, 0*u + 3*u = 2*m + 7. Suppose o = -4*s + 34 - 1, u*s - 10 = 0. List the prime factors of o.
5
Suppose 3*m - 7*v + 210 = -2*v, 3*m = v - 222. Let f = 154 + m. List the prime factors of f.
79
Let s(q) = 74*q**2 - 78*q - 22. What are the prime factors of s(-7)?
2, 5, 83
Let g = 741 - -18. What are the prime factors of g?
3, 11, 23
Suppose 4*w + 20 = 0, 12 = -4*h + 3*h - 3*w. Let a = h - -2. Suppose -a*l + 136 = -69. What are the prime factors of l?
41
Suppose 2*w + 126 = 2*k, -3*k = -2*w + 4*w - 174. List the prime factors of k.
2, 3, 5
Let s be (4 - 20)*1/(-4). List the prime factors of -2 - (-262)/s - 4/(-8).
2
Suppose -40*y + 43*y = 8451. What are the prime factors of y?
3, 313
What are the prime factors of 5 + 6/(-24)*2896/(-4)?
2, 3, 31
Suppose 111639 = 67*g - 16*g. What are the prime factors of g?
11, 199
What are the prime factors of 3*7/(84/1756)?
439
Let i(k) = -k**2 + 3*k + 1. Suppose -18*q + 6 = -16*q. Let p be i(q). List the prime factors of 2/p + 220/5.
2, 23
Suppose -70885 - 2939 = -24*t. What are the prime factors of t?
2, 769
Suppose -4*z - 2403 = -7*s + 2*s, -3*s + 5*z + 1434 = 0. List the prime factors of s.
3, 7, 23
Let n = 11888 - 6624. List the prime factors of n.
2, 7, 47
Let o = 31 + -29. Suppose 7*v + 23 = 4*v - 5*y, 4*y + 12 = -o*v. Let q = -12 - v. What are the prime factors of q?
2
Suppose 0 = -4*g - 2*h + 7056, 21*h + 8790 = 5*g + 16*h. List the prime factors of g.
2, 881
Suppose -14*j + 23688 = 4*j. What are the prime factors of j?
2, 7, 47
Suppose -5*h = 4*k + 1534, 3*k + h = 573 - 1718. Let w = 594 + k. What are the prime factors of w/6 + 3/6?
2, 3
Suppose -3*u + 49 = -d - 9, -d - 76 = -4*u. Suppose -18 = -2*q + 6*y - 2*y, 2*q - y = u. Let p = 3 + q. List the prime factors of p.
2, 3
Let g be ((-9)/2)/9*(-48)/8. Let t(z) = -z**3 + z**2 - 1. Let y(h) = h**2 + 2*h + 1. Let w(a) = -3*t(a) - y(a). What are the prime factors of w(g)?
41
Let y be (-2)/(8/(-12)) + -3 + 141. Let n = 141 + y. List the prime factors of n.
2, 3, 47
Suppose 4*g = -4*x + 108, 4*g + 0*x - 126 = 2*x. Let d = 127 - g. List the prime factors of d.
97
Let b(s) = 139*s + 436. List the prime factors of b(19).
17, 181
Let t = -33 + 35. Suppose -t*k - 560 = -6*k. List the prime factors of k.
2, 5, 7
Let p = 34 + -32. Suppose -41 = -2*z + 5*a, -7*z + 146 = -2*z + p*a. What are the prime factors of z?
2, 7
Let r be (-1 - -1)/(-4 + 4 + -2). Suppose -50 = 3*w + 3*x - 359, x + 3 = r. What are the prime factors of w?
2, 53
Let w(x) = 5*x**3 - 3*x**2 - 4*x - 2. Let k be w(-3). Let z = 349 + k. What are the prime factors of z?
197
Let h(t) = 156*t**3 - t**2 - 2*t + 2. Let n be h(1). Suppose 0 = 18*m - 13*m - n. List the prime factors of m.
31
List the prime factors of -1 - (5 - (1290 + 5)).
1289
Suppose 0*g - 2*g + 14 = 0. Let m be -6 + 10 - 1/1. Let k = m + g. What are the prime factors of k?
2, 5
Let n(k) = -5*k + 6. Let i be n(-2). Let s = i + 2. List the prime factors of s.
2, 3
Let g be ((-2)/4)/((-4)/48). What are the prime factors of ((-154)/g + 2/(-6))*-4?
2, 13
Suppose -4*d + 1136 = -1048. What are the prime factors of d?
2, 3, 7, 13
Let c = -305 - -509. Suppose -4*f + 3*l = -c + 7, -3*l = -3. Let d = -31 + f. What are the prime factors of d?
19
Let w = -71 + 75. Suppose -4*t + 182 + 404 = n, -w*n = 8. List the prime factors of t.
3, 7
Suppose 0 = 3*i - 2*i + 2*k - 257, 5*i - 1293 = -2*k. What are the prime factors of i?
7, 37
Let k = -3741 + 6246. List the prime factors of k.
3, 5, 167
Let c(h) = 15*h + 16. Let l(r) = -3*r + 17. Let j be l(4). What are the prime factors of c(j)?
7, 13
Let m be (-6)/4 + 1582/4. Let a = m - 203. List the prime factors of a.
191
Let r be ((-162)/(-27))/(2/7). List the prime factors of (-14)/49 + 1329/r.
3, 7
Suppose -3*p + 9935 = -5230. What are the prime factors of p?
3, 5, 337
Let c(d) = 20*d + 4. List the prime factors of c(4).
2, 3, 7
Let f(b) = 2*b**2 - 6*b + 4. Let c be f(3). Suppose 2*x = 6*x - c*g - 572, 0 = 5*x + g - 739. What are the prime factors of x?
3, 7
Let f = -9 + 10. Let u be -1*(-4 - (0 + f)). Su